{"id":2629,"date":"2017-11-28T19:14:49","date_gmt":"2017-11-28T19:14:49","guid":{"rendered":"http:\/\/www.profumididamasco.com\/?page_id=2629"},"modified":"2017-11-28T19:15:58","modified_gmt":"2017-11-28T19:15:58","slug":"storie-dalla-siria","status":"publish","type":"page","link":"https:\/\/www.profumididamasco.com\/?page_id=2629","title":{"rendered":"7. Storie dalla Siria"},"content":{"rendered":"<p>&nbsp;<\/p>\n<p>&nbsp;<\/p>\n<p><img loading=\"lazy\" class=\"alignleft wp-image-2630\" src=\"http:\/\/www.profumididamasco.com\/wp-content\/uploads\/2017\/11\/Faris_al-Khoury-167x300.jpg\" alt=\"\" width=\"184\" height=\"330\" srcset=\"https:\/\/www.profumididamasco.com\/wp-content\/uploads\/2017\/11\/Faris_al-Khoury-167x300.jpg 167w, https:\/\/www.profumididamasco.com\/wp-content\/uploads\/2017\/11\/Faris_al-Khoury.jpg 251w\" sizes=\"(max-width: 184px) 100vw, 184px\" \/>&#8220;Di fronte alla nostra panetteria viveva una famiglia la cui figlia ha sposato il nipote del geniale Fares al-Khuri. Anche il giovane si chiama Fares. Suo nonno era un importante poeta e un coraggioso avvocato, ma soprattutto un politico di rango mondiale. Durante l\u2019occupazione francese rivest\u00ec numerose cariche politiche, in seguito divenne capo delegazione nei negoziati per l\u2019indipendenza e innervos\u00ec i francesi con le sue trovate geniali e il suo fascino. Ecco uno degli aneddoti pi\u00f9 famosi: Farers al-Khuri arriv\u00f2 a una riunione internazionale* con una piccola delegazione. Lui e i suoi si sedettero nei posti dei francesi. La Siria era ancora occupata. I francesi si agitarono e pretesero che i siriani si alzassero subito, liberando i posti. Al-Khuri mantenne la calma. Si rivolse ai giornalisti che erano accorsi e disse, in perfetto inglese: \u201cSignore e signori, i francesi non tollerano che un siriano occupi le loro sedie per cinque minuti, ma occupano il nostro paese da venticinque anni e si meravigliano che noi protestiamo!\u201d \u00a0(*era la prima conferenza delle Nazioni Unite del 1945)<\/p>\n<p>Rafik Shami, <em>La citt\u00e0 che profuma di coriandolo e cannella \u00a0<\/em><\/p>\n<p>&nbsp;<\/p>\n","protected":false},"excerpt":{"rendered":"<p>&nbsp; &nbsp; &#8220;Di fronte alla nostra panetteria viveva una famiglia la cui figlia ha sposato il nipote del geniale Fares al-Khuri. Anche il giovane si chiama Fares. Suo nonno era un importante poeta e un coraggioso avvocato, ma soprattutto un politico di rango mondiale. Durante l\u2019occupazione francese rivest\u00ec numerose cariche politiche, in seguito divenne capo  &hellip;  <a class=\"cp-read-more\" href=\"https:\/\/www.profumididamasco.com\/?page_id=2629\">Continua a leggere<span class=\"meta-nav\">&rarr;<\/span><\/a><\/p>\n","protected":false},"author":4,"featured_media":0,"parent":0,"menu_order":0,"comment_status":"closed","ping_status":"closed","template":"","meta":{"wprm-recipe-roundup-name":"","wprm-recipe-roundup-description":""},"_links":{"self":[{"href":"https:\/\/www.profumididamasco.com\/index.php?rest_route=\/wp\/v2\/pages\/2629"}],"collection":[{"href":"https:\/\/www.profumididamasco.com\/index.php?rest_route=\/wp\/v2\/pages"}],"about":[{"href":"https:\/\/www.profumididamasco.com\/index.php?rest_route=\/wp\/v2\/types\/page"}],"author":[{"embeddable":true,"href":"https:\/\/www.profumididamasco.com\/index.php?rest_route=\/wp\/v2\/users\/4"}],"replies":[{"embeddable":true,"href":"https:\/\/www.profumididamasco.com\/index.php?rest_route=%2Fwp%2Fv2%2Fcomments&post=2629"}],"version-history":[{"count":16,"href":"https:\/\/www.profumididamasco.com\/index.php?rest_route=\/wp\/v2\/pages\/2629\/revisions"}],"predecessor-version":[{"id":2646,"href":"https:\/\/www.profumididamasco.com\/index.php?rest_route=\/wp\/v2\/pages\/2629\/revisions\/2646"}],"wp:attachment":[{"href":"https:\/\/www.profumididamasco.com\/index.php?rest_route=%2Fwp%2Fv2%2Fmedia&parent=2629"}],"curies":[{"name":"wp","href":"https:\/\/api.w.org\/{rel}","templated":true}]}}